(w) = -3*w**3 + 4*w**2 + 5*w - 2. Let p(u) = -u**3 + 1. Let k(y) = -c(y) + 2*p(y). Calculate k(5).
4
Let p(d) = -5 - 24*d - 22*d + d**2 + 42*d. Determine p(5).
0
Let n = 8 - 2. Let i(p) = -4*p - 2 + p**2 + n - 3. Determine i(4).
1
Let a(u) = u**2 + 7*u - 1. Suppose 0 = -0*x - 2*x. Suppose r + 3*r + 28 = x. What is a(r)?
-1
Let q = -1 + 1. Let a(g) be the third derivative of 3/2*g**3 + 0*g - 1/60*g**5 + 0 - 2*g**2 - 1/24*g**4. Determine a(q).
9
Let x = -15 + 32. Suppose -u + 6*u + x = -w, 2*w - 26 = 5*u. Let y(i) = 4 + i - 3*i**2 + 2 - 2 - 2 - i**w. Determine y(-3).
-1
Let j(h) = h - 8*h + h**3 + 9 + 0*h**2 + 6*h**2. Determine j(-7).
9
Suppose x + 5 = -0*x. Let q(l) = -2*l + 0*l - 6 + l. Let u(s) = -1. Let c(j) = -q(j) + 6*u(j). Give c(x).
-5
Let o(g) = 0 + g - 6 + 7 - 5. Determine o(4).
0
Suppose 5*s - s = 0. Suppose s*b + b - 26 = 5*c, -c + 4*b - 9 = 0. Let i(y) be the third derivative of -y**4/24 - 2*y**3/3 - 11*y**2. What is i(c)?
1
Let x(d) = d + 2. Let r = 1 - -6. Suppose -12 = 4*b - r*b. Suppose -b*q = -5*q - 2. Determine x(q).
0
Let c(h) = -5 - 5 + 3 + 3*h + 6. Calculate c(-2).
-7
Let v = 15 - 12. Let q be v/(1*3/(-3)). Let p(d) be the first derivative of -d**4/4 - d**3 + 3*d**2/2 + 3*d - 1. Determine p(q).
-6
Let m(k) be the third derivative of k**6/120 + k**5/30 + k**4/24 + k**3/3 - 33*k**2. Give m(-2).
0
Let b(z) be the first derivative of -z**3/3 + 2*z**2 - 2*z - 18. What is b(3)?
1
Let q(f) = 2*f**2 + 6*f + 3. Suppose -4*v + 6*v = 30. Suppose -4*d + 24 = -2*z, 5*d - 9 = z + v. Give q(z).
11
Suppose 5*v - 20 = -5*f, -5*v - 2*f + 29 = -0*v. Let m(n) = n**3 - 7*n**2 + 2*n - 7. Calculate m(v).
7
Let j(u) = -u + 5. Let q be 4/10 - ((-212)/20 + 5). Give j(q).
-1
Let w(x) = -x**3 + 6*x**2 + 2*x - 9. Let f be w(6). Let o = 0 - -4. Let s(t) = 0 + o*t + 5*t - 10*t - 2. Calculate s(f).
-5
Let d = -12 + 18. Let s(z) = -20*z**2 + 8*z - 2. Let t(y) = -7*y**2 + 3*y - 1. Let m(c) = d*s(c) - 17*t(c). What is m(-4)?
1
Suppose 0 = -5*b + 4*j + 19, 1 = -2*b + b + 2*j. Let n(o) = o**3 - 6*o**2 - 9*o + 3. What is n(b)?
-11
Let a be (-3)/(0 + 6/4). Let l = 5 + a. Let i(o) = -o**3 + 4*o**2 - 3*o + 3. Calculate i(l).
3
Suppose -4*k = 2*z + 2*z + 4, 2*k = 5*z - 16. Let i(g) be the third derivative of -2*g**z + 0*g**3 + 0*g - 1/12*g**4 + 0. What is i(1)?
-2
Suppose d + 3*d + 6 = 3*l, 5*l - 5*d = 10. Suppose -k = -6*k - 3*z + 14, 5*z = -3*k + l. Let a(u) = -u**3 + 4*u**2 + 2*u - 6. Give a(k).
2
Let d(y) be the second derivative of -7*y**4/12 + y. Suppose -4 = -5*k + 6. Let u be 2*1/k - 2. What is d(u)?
-7
Let s be (-34)/(-10) + (-6)/15. Let d(g) = g. What is d(s)?
3
Let v = -19 - -31. Suppose -a + v = 3*a. Let y(r) = 4*r + 5 - a*r + 0. What is y(4)?
9
Let j(g) = -1 + 3 - 1 - 5 + 2*g. Let z be (-6 + 12)/((-6)/(-4)). Determine j(z).
4
Let f(k) = -k**2 - 24 + 8 + 2*k**2 + 11 + 7*k. Determine f(-7).
-5
Let m(y) = y + 15. Suppose -4*i + 229 = 257. Determine m(i).
8
Let l(x) = x**2 + 4*x + 3. Suppose 3*o + 11 = -1. Determine l(o).
3
Let u be (9/12)/(6/24). Let j(y) = -y**2 - y + 2. Determine j(u).
-10
Let i = 12 + -4. Suppose 0 = -5*p + i*p. Let n(f) = 2*f + p*f - f - 3 + f. What is n(5)?
7
Let n(z) be the first derivative of z**4/4 - 2*z**3 + 5*z**2/2 - 2*z + 20. Calculate n(5).
-2
Suppose -d = -0*d. Suppose 4*t + d*t + 4 = 0. Let n(y) = -3*y**3 - 2*y**2 - y. What is n(t)?
2
Let p(g) be the first derivative of -3/2*g**2 - 6*g + 1. Give p(-5).
9
Let f(t) = -t**2 - 2*t + 2. Let z = 12 + 0. Let g be 7/4 - z/(-48). Calculate f(g).
-6
Let j(r) = -5*r**2 - 6*r**2 - 3*r**2 + 13*r**2 - 2*r. Give j(-3).
-3
Let d(x) = -1 + x - 5*x**2 + 5*x**2 - 4*x**3. Determine d(1).
-4
Let n(v) = 7*v**3 - v**2 + 1. Let j be 10/(-15)*(-2 + (-2)/(-4)). Give n(j).
7
Let z(d) be the second derivative of d**5/20 + d**4/3 - 4*d**3/3 - 5*d**2/2 + 6*d. Give z(-5).
10
Let d(l) = l**2 - 7*l + 8. Let q be d(6). Let t(u) = -8*u**q + u**2 - 1 + 2*u**2 - u. Let x = -5 + 4. Calculate t(x).
-5
Let q(z) = z**2 + 5*z + 4. Let w be (0/(-1) - -1)*-5. Give q(w).
4
Let o(w) = -4*w + 5. Let d(f) = 5*f - 25. Let i be d(6). Give o(i).
-15
Let d(y) = -y**3 - 11*y**2 + 13*y + 12. Let f be d(-12). Let t(z) = f*z - 6*z + 5 + 2*z - 3*z + z**2. What is t(7)?
5
Let o(q) = -2*q + 2. Suppose -9 = -2*h - 5. Let w be (11 - h)/((-12)/(-8)). Let v be 6/(-1)*(-3)/w. Calculate o(v).
-4
Let v(p) = -p**3 - p - 3. Suppose -10 = 6*t - 11*t. Suppose -t*c = -4*c. What is v(c)?
-3
Let v(p) = -2*p - 11. Let i be (-42)/(-231) + (-90)/11. Calculate v(i).
5
Let m(x) = x + 1. Let l be 6/4 - (-6)/(-4). Suppose -3*j - 2 = 2*u - l*u, 5*j + 4*u = 0. Determine m(j).
-3
Let c be (25/(-5))/(15/(-6)). Let q(g) = -5*g**2 - 2 + 0*g**2 + 4*g**2 + g**3. Calculate q(c).
2
Let o(y) = -y**2 - 11*y + 10. Let m be o(-11). Suppose 6*d = m*d - 4. Let l(r) = -3*r. Give l(d).
-3
Let f(u) = u - 5. Let v be f(5). Let z(n) be the third derivative of v*n + 1/24*n**4 + 1/40*n**6 + 1/60*n**5 - 1/6*n**3 + 0 - 4*n**2. Give z(1).
4
Suppose -3*k = 3*r + k - 21, 2*r = -2*k + 12. Let a(d) = d**3 - 4*d**2 + 4. Give a(r).
-5
Suppose -18 - 12 = -2*o. Let y be (o/10)/(3/4). Let x(d) = 9 - y + 0*d - d. Give x(5).
2
Let q(k) be the third derivative of -k**9/6720 - k**8/20160 + k**7/2520 - k**6/720 + k**5/12 - 2*k**2. Let v(y) be the third derivative of q(y). Determine v(1).
-9
Let u(x) = 2*x**2 - 2*x + 1. Let r be u(1). Let d(z) = -15*z - 1. Give d(r).
-16
Let z(d) = 3*d**2 - 4 + 3*d + 3*d**2 - 5*d**2. Let w(q) = 6*q - 15. Let t be w(2). Calculate z(t).
-4
Let f(w) be the third derivative of -w**6/120 - 7*w**5/60 - 7*w**4/24 - 2*w**3/3 - w**2. What is f(-6)?
2
Suppose 0 = 5*t + 2*a - 26, -5 = -2*t + a - 0*a. Let d(i) = 4*i**3 + 0*i**3 + t*i**3 + i. Let u = -41 - -40. Determine d(u).
-9
Suppose -r = r + 54. Let p be (-99)/r - (-2)/6. Let f(x) be the first derivative of x**2 + 3*x + 1. Determine f(p).
11
Let i(u) be the first derivative of u**4/4 - 2*u**3/3 - 3*u**2/2 - 4*u + 16. Give i(3).
-4
Let n(b) = -3*b**3 - 12*b**2 - 8. Let q be n(-4). Let y(w) = w**2 + 9*w + 2. What is y(q)?
-6
Let r(h) = 2*h - 2. Suppose -15*j = -8*j + 14. Give r(j).
-6
Let u(r) = r**2 - 2 + 2 + 0*r**2 - 2 + 5*r. Suppose -p - 6 = -2*q, 0 = 2*p - 0*p + 5*q - 33. Suppose p*a - 3*a = -4*i - 25, -2*a = -2*i. What is u(a)?
-2
Let t(w) = -5*w**3 + 17*w**2 - 4*w + 9. Let r(p) = p**3 - 4*p**2 + p - 2. Let x(q) = -9*r(q) - 2*t(q). Calculate x(-3).
-6
Let y(t) = 4*t - 4. Let n be 1*1*2/(-4)*-10. Determine y(n).
16
Let u(g) = -g**2 - g + 7. Let w be (6/(-4))/((-12)/32). Suppose -4 - w = -2*h. Let s = -4 + h. Determine u(s).
7
Let y be ((-1)/2)/((-2)/8). Let o be 2/y - (3 + -1). Let m(r) be the first derivative of -2*r**3/3 - r**2/2 - r - 17. Calculate m(o).
-2
Let z = -6 - -11. Let n(m) = -27*m - 12. Suppose -2*w = -6*w - 48. Let h(x) = -11*x - 5. Let t(g) = w*h(g) + z*n(g). Determine t(-2).
6
Let l(y) = y**3 - 3 + 4*y + 6*y**2 + 1 + 8. What is l(-5)?
11
Let h(y) = 228*y**2 + 0*y**3 - 2 - 2 + y**3 - 233*y**2 - 2*y. Give h(5).
-14
Let f = -3 - -5. Suppose 0 = 5*u - 48 - 7. Let h(p) = -3*p**2 - 6*p - 1. Let j(y) = -8*y**2 - 17*y - 3. Let m(q) = u*h(q) - 4*j(q). Determine m(f).
1
Let q be 9/(-1 - (-2 + 0)). Suppose 5*z = -r - 60, 31 = -z - 3*r - r. Let k = z + q. Let c(v) = -v**2 - 4*v - 3. Give c(k).
1
Let f(o) = -o**3 - 11*o**2 - 10*o + 6. Let v be f(-10). Suppose -c - 2*a + 3*a = v, 5*c + 2*a + 23 = 0. Let t(u) = 2*u + 3. What is t(c)?
-7
Let m(y) = 3*y**2 - 3 + 2*y + 1 + 2 + 7. Let l(g) = -2*g**2 - 2*g - 6. Let n(v) = -7*l(v) - 6*m(v). What is n(2)?
-12
Let z(x) = -2 - 3 - 4*x + x**3 - 4*x**2 + 0. Let a(y) = -y**3 + 8*y**2 + y + 4. Let o be a(8). Suppose 3*s - o - 3 = 0. Calculate z(s).
0
Let c(o) = -4*o**3 - 2*o**2 + 2*o - 6. Let g(m) = -7*m**3 - 5*m**2 + 4*m - 12. Let v(y) = 5*c(y) - 3*g(y). Determine v(-6).
-18
Let i(m) be the second derivative of -m**2 + 1/6*m**4 + m + 0 + 1/2*m**3 - 1/10*m**5. Suppose 2*s + 2*q - 14 = -0*s, 2*s = -q + 9. What is i(s)?
-4
Let s(x) = x + 3. Let m(i) = -4*i - 9. Let a(l) = -2*m(l) - 7*s(l). Let j be a(6). Let n(p) = j*p - 7 + 5 - 4*p. What is n(-3)?
1
Let a(c) = 5*c + 7. Let o(i) = -6*i - 8. Let h(n) = 7*a(n) + 6*o(n). Let d be -5 + 5 + (-1 - -5). Suppose 0*f = j + 3*f + 7, -d = 2*f. What is h(j)?
2
Let q(f) = f**3 + f**2 + f. Let g = 48 + -48. Calculate q(g).
0
Let x(d) be